{"id":2,"date":"2008-02-23T20:53:16","date_gmt":"2008-02-24T01:53:16","guid":{"rendered":""},"modified":"2021-04-01T13:58:12","modified_gmt":"2021-04-01T18:58:12","slug":"about","status":"publish","type":"page","link":"http:\/\/www.salfass.org\/sportas\/about\/","title":{"rendered":"Apie \u0160ALFASS"},"content":{"rendered":"<h1>About LAUNA<\/h1>\n<p>J\u016bs sve\u010diuojat\u0117s \u0160iaur\u0117s Amerikos Lietuvi\u0173 Fizinio Aukl\u0117jimo Sporto S\u0105jungos (\u0160ALFASS) interneto puslapyje. Visoje \u0160iaur\u0117s Amerikoje \u012fvairiose sporto \u0161akose dalyvauja apie 1 000 \u0160ALFASS nari\u0173.<\/p>\n<p>Pra\u0161ome toliau dom\u0117tis m\u016bs\u0173 svetain\u0117s informacija apie sport\u0105 J\u016bs\u0173 apylink\u0117se ir kreipkit\u0117s \u012f sporto klubus arba atskir\u0173 sporto \u0161ak\u0173 vadovus. \u0160ALFASS-ai gali priklausyti visi lietuvi\u0173 kilm\u0117s arba mi\u0161ri\u0173 \u0161eim\u0173 \u017emon\u0117s.<\/p>\n","protected":false},"excerpt":{"rendered":"<p>About LAUNA J\u016bs sve\u010diuojat\u0117s \u0160iaur\u0117s Amerikos Lietuvi\u0173 Fizinio Aukl\u0117jimo Sporto S\u0105jungos (\u0160ALFASS) interneto puslapyje. Visoje \u0160iaur\u0117s Amerikoje \u012fvairiose sporto \u0161akose dalyvauja apie 1 000 \u0160ALFASS nari\u0173. Pra\u0161ome toliau dom\u0117tis m\u016bs\u0173 svetain\u0117s informacija apie sport\u0105 J\u016bs\u0173 apylink\u0117se ir kreipkit\u0117s \u012f sporto klubus arba atskir\u0173 sporto \u0161ak\u0173 vadovus. \u0160ALFASS-ai gali priklausyti visi lietuvi\u0173 kilm\u0117s arba mi\u0161ri\u0173 \u0161eim\u0173 &hellip; <\/p>\n<p><a class=\"more-link btn\" href=\"http:\/\/www.salfass.org\/sportas\/about\/\">Continue reading &raquo;<\/a><\/p>\n","protected":false},"author":2,"featured_media":0,"parent":0,"menu_order":0,"comment_status":"closed","ping_status":"closed","template":"","meta":{"_monsterinsights_skip_tracking":false,"_monsterinsights_sitenote_active":false,"_monsterinsights_sitenote_note":"","_monsterinsights_sitenote_category":0,"footnotes":""},"class_list":["post-2","page","type-page","status-publish","hentry","nodate","item-wrap"],"_links":{"self":[{"href":"http:\/\/www.salfass.org\/sportas\/wp-json\/wp\/v2\/pages\/2","targetHints":{"allow":["GET"]}}],"collection":[{"href":"http:\/\/www.salfass.org\/sportas\/wp-json\/wp\/v2\/pages"}],"about":[{"href":"http:\/\/www.salfass.org\/sportas\/wp-json\/wp\/v2\/types\/page"}],"author":[{"embeddable":true,"href":"http:\/\/www.salfass.org\/sportas\/wp-json\/wp\/v2\/users\/2"}],"replies":[{"embeddable":true,"href":"http:\/\/www.salfass.org\/sportas\/wp-json\/wp\/v2\/comments?post=2"}],"version-history":[{"count":4,"href":"http:\/\/www.salfass.org\/sportas\/wp-json\/wp\/v2\/pages\/2\/revisions"}],"predecessor-version":[{"id":3289,"href":"http:\/\/www.salfass.org\/sportas\/wp-json\/wp\/v2\/pages\/2\/revisions\/3289"}],"wp:attachment":[{"href":"http:\/\/www.salfass.org\/sportas\/wp-json\/wp\/v2\/media?parent=2"}],"curies":[{"name":"wp","href":"https:\/\/api.w.org\/{rel}","templated":true}]}}